 q(0). Let o = 12410 + -12371. Calculate the greatest common divisor of o and s.
3
Let z(w) = 10*w - 14. Let o be z(4). Let h = -14 + o. Calculate the greatest common factor of h and 84.
12
Let y be (-1 + (-10)/4)*-8. Suppose 6*l - 1042 - 3032 = 0. Suppose -3*d = 91 - l. Calculate the highest common factor of d and y.
28
Suppose -129 = -5*l + c, 4*l - 128 = -l + 2*c. Suppose 0 = 4*i - 2*j - 734, -5*i + 2*i - 5*j = -531. What is the greatest common divisor of l and i?
26
Let l be (-20 - -2)/(7/2 - 2). Let h be ((-42)/8 - -4)*l. What is the highest common factor of 45 and h?
15
Suppose 3*p = 30 - 12. Suppose -p = -2*d + 46. Let i = d + -9. Calculate the highest common divisor of 119 and i.
17
Suppose 3*p = 4*d - 6*d + 1599, 5*d + 2*p = 3981. Calculate the greatest common divisor of 15 and d.
15
Let l = 395 + -385. Let f be (1 - (0 + 3)) + 4. Let m be f - (-1 - 3)*2. What is the greatest common factor of l and m?
10
Let m(r) = r**2 - 16. Let v(n) = n**2 - n + 7. Let c be v(0). Let h be m(c). Calculate the highest common factor of 11 and h.
11
Suppose 4*v = -h + 48, 5*h - h - 36 = -3*v. Let g be (-94)/(-12) + 2/v. Calculate the highest common divisor of g and 40.
8
Suppose -3*o = -3 - 39. Let q = 24 - o. Calculate the highest common divisor of q and 160.
10
Let s(y) = -3*y + 7. Let k be s(-7). Suppose -3*p - 2*m + 98 = 0, -p - 5*m + 18 = -6. Let i = 41 - p. What is the highest common factor of i and k?
7
Let r be (-1*45)/((-25)/75). Suppose 6*f = 3*f + 162. What is the greatest common divisor of f and r?
27
Let s(v) = -v**3 - 12*v**2 - 53*v + 2. Let z be s(-5). What is the greatest common factor of z and 299?
23
Let h(g) = -4*g - 25. Let k be h(-13). Calculate the greatest common factor of k and 63.
9
Let c = 180 + -102. Suppose 4*q - 4*h = 304, -q + 2*h - 3*h + c = 0. Let i = 8 + 3. What is the highest common factor of i and q?
11
Let b = 64 + -60. Let s be 365/b - (-21)/(-84). What is the highest common divisor of 13 and s?
13
Let b = -20 - -17. Let z(v) = -2*v**3 - 4*v**2 - 3*v - 3. Let d be z(b). What is the highest common divisor of 36 and d?
12
Suppose 3*l - k - 43 = 0, 3*l + 2*k + 2*k = 23. Let h(q) = 3*q**2 + 41*q + 18. Let z be h(-12). Let d = z - -55. What is the greatest common factor of d and l?
13
Let b = 192 - 77. Let h = b + -77. Calculate the greatest common divisor of 133 and h.
19
Suppose -974 = -9*j - 344. What is the greatest common factor of j and 266?
14
Suppose 66 = i + 3*w, 5*i - 4*w + 64 = 432. Let r = i - 63. Calculate the highest common divisor of 81 and r.
9
Let f(d) = 14*d - 4. Let r be f(6). Let j = 9458 - 9398. Calculate the highest common factor of j and r.
20
Suppose 0 = -2*g - 5 + 11. Let i be -1*(2 + -1*2). Suppose -g*p + i*p = -120. What is the greatest common divisor of p and 5?
5
Let h = -176 + 246. Suppose -3*g + h = -4*v, 3*g + 4*v - 34 = -v. Calculate the greatest common factor of 36 and g.
18
Let o = 31 - 8. Suppose -27*z + o*z + 56 = 0. Let b = -96 + 103. Calculate the highest common factor of z and b.
7
Suppose 3*x = -0*x, -5*k - x = -15. Let u(h) = 9*h - k*h + 8 - 14. Let r be u(4). Calculate the highest common factor of r and 9.
9
Let d = -444 - -654. Calculate the highest common factor of d and 50.
10
Suppose 2*i = 4, 0*i + 38 = 4*r - 5*i. Suppose -15 = 3*h - 4*h - 3*y, -2*h - 5*y = -29. What is the greatest common divisor of h and r?
12
Let p(o) = o**3 - 3*o**2 - o + 6. Let t be p(0). What is the highest common divisor of t and 350?
2
Suppose -75 = 9*g - 228. Let c be 135/4 + (-3)/(-12). Calculate the greatest common divisor of g and c.
17
Suppose -2*u + 6*u + 32 = o, 0 = -u - 5. Suppose -28 + o = -2*a. What is the greatest common factor of 8 and a?
8
Let j(d) = -d**2 - 10*d - 20. Let x be j(-6). Let p(t) = 2*t**2 - 6*t + 9. Let i be p(x). Calculate the greatest common divisor of i and 136.
17
Let j(x) = 4*x - 2. Let d be j(2). Suppose 0 = 2*r + 3*z - 43, -2*r + d*z = 2*z - 36. Suppose 22 = 27*c - 86. Calculate the greatest common factor of r and c.
4
Let z be 1*-1 - 11/(-11) - -473. Suppose -z + 33 = -11*b. Calculate the highest common factor of b and 20.
20
Let h(y) = y**3 + 4*y**2 + 4*y + 2. Let o = 26 - 30. Let c be h(o). Let x = 25 + c. What is the greatest common divisor of 121 and x?
11
Let k be ((-144)/(-90))/(2/40). Let v = 102 - k. Suppose 9*x = 4*x + 50. What is the highest common factor of x and v?
10
Suppose -170 = -5*o - 4*z, 20*o - 34 = 19*o + z. What is the highest common factor of 204 and o?
34
Let l(j) = -3*j + 191. Let p be l(10). What is the greatest common factor of 14 and p?
7
Suppose 65*c - 70*c = 4*s, -4*s + 2*c = -28. Suppose -l + 15 = 2*l. Calculate the greatest common factor of s and l.
5
Suppose f - 2*q = 61, 3*q = -2*q - 10. Suppose 4*z - 27 = -2*v + 59, -5*z - 3*v = -110. Calculate the greatest common divisor of z and f.
19
Let o = -2 - -9. Suppose -2*w = -o*w - 220. Let v = w - -100. Calculate the greatest common divisor of 28 and v.
28
Let x(y) = -y + 33*y**2 - 2*y - 2 + 5*y. Let l be x(3). Suppose j - l = -3*s - j, 3*j - 6 = 0. What is the greatest common factor of s and 9?
9
Let g be (-984)/(-14) - 4/14. Let y(h) = 11*h - 23. Let j be y(3). Calculate the greatest common divisor of g and j.
10
Suppose 285 = 4*n - 5*r, -148 + 33 = -2*n - 3*r. What is the greatest common factor of n and 585?
65
Let j = 884 - 866. Calculate the greatest common factor of j and 657.
9
Suppose 0 = -19*k + 18*k + 15. Let y = 260 + k. Calculate the greatest common divisor of 25 and y.
25
Let t be ((-3)/((-3)/(-40)))/(-1). Let z be (-6)/(-5)*(t + 0). Let m be 15 + 6*(-2)/4. Calculate the highest common divisor of z and m.
12
Suppose -789 = 21*p - 12969. What is the highest common divisor of 116 and p?
116
Let s(b) = b**3 - 3*b**2 + 2. Let v be s(3). Suppose v*f - 94 = 98. What is the greatest common divisor of 12 and f?
12
Let c(g) = g**2 + 9*g + 17. Let l be c(-7). Suppose 3*f = 4*t - 297, 5*t - 293 - 58 = -l*f. Suppose 5*k = -k + t. What is the greatest common factor of 6 and k?
6
Suppose h = -3*p + 29, 10*p - h = 5*p + 35. Suppose 4*z + p = 0, 0 = -2*u + 4*u + 3*z - 24. What is the highest common factor of 6 and u?
3
Let n = -9 - 16. Let u = n + 48. Let w(g) = 87*g - 77. Let a be w(3). What is the highest common divisor of a and u?
23
Let x be 120 + 0/(2 + -1). Suppose -50 = -5*m + x. Let r(v) = 2*v**3 + 68*v**2 + 51*v - 410. Let z be r(-33). Calculate the highest common divisor of m and z.
17
Let b be ((-76)/(-8))/(10/20). What is the greatest common factor of 19 and b?
19
Suppose -5*j + 71 = 2*p - 0*p, -5*p + 5*j = -195. Calculate the greatest common divisor of 969 and p.
19
Let h(z) = -268*z - 329. Let u be h(-11). What is the highest common factor of u and 27?
27
Let o(b) = b**2 - 6*b - 5. Let w be o(7). Let v = -24 + 38. What is the highest common factor of w and v?
2
Suppose -3*j = 5*m - 146, 25 = -2*m - 3*m. Suppose -f - 13 + j = 0. Suppose 9*h = 13*h - f. What is the highest common factor of 77 and h?
11
Let w(t) = -t + 10. Suppose -14*r + 55 = -29. Let h be w(r). Calculate the highest common factor of h and 18.
2
Let i = 170 + -115. What is the greatest common divisor of 11 and i?
11
Suppose -2*b + 7*b - 23 = y, -3*b = 3*y - 3. Let i be b/(-7) + 432/21. What is the greatest common divisor of 50 and i?
10
Let t(n) = -n**2 - 4*n + 3. Let h be t(-3). Let r = -4 + h. Suppose -2*c - r*c = -12. What is the highest common factor of c and 27?
3
Let a(z) = 26*z**2 - 55*z - 5. Let k be a(3). Calculate the highest common factor of 80 and k.
16
Suppose -a = 4*n + 23, 0 = -5*n - 7*a + 4*a - 20. Let v be (-3)/n - 4030/(-70). Calculate the greatest common factor of 87 and v.
29
Let q(b) = 2*b**3 - b**2 - 29*b + 43. Let z be q(10). What is the greatest common factor of z and 87?
87
Suppose -154*a + 158*a = 40. What is the greatest common factor of 15 and a?
5
Suppose 0 = -3*m + 12 + 12. Suppose 70 = 5*x - 2*x + 2*g, -x + 5 = -3*g. What is the greatest common factor of x and m?
4
Let n(a) = -a**3 - 2*a**2 + 59*a - 8. Let h be n(-11). What is the greatest common divisor of 48 and h?
48
Let q be -1 + 63/4 + 1/4. Let m = q + 5. Suppose -v + 130 = 30. What is the highest common divisor of v and m?
20
Let y be (-25)/(-2) - 1/2. Let v be (-12 - (-4)/2)*-3. What is the highest common factor of v and 